c(u) = -u**2 - 32*u - 90. Determine c(-33).
-123
Let k(i) = 12*i**3 - 7*i**2 + 6*i - 5. What is k(3)?
274
Let g(y) = 8*y + 76. Determine g(17).
212
Let r(c) = 4*c**3 - 94*c**2 - 59*c + 270. Give r(24).
6
Let v(f) = f**2 + 194*f - 1191. Calculate v(6).
9
Let a(c) = 2*c**2 - 115*c + 90. Determine a(55).
-185
Let f(l) = 644*l + 95959. Give f(-149).
3
Let c(a) = -192*a**2 - 17858*a - 179. Determine c(-93).
7
Let z(v) = -7*v**2 + 64*v. Determine z(8).
64
Let t(s) = 84*s - 2231. What is t(28)?
121
Let b(c) = c**3 - 36*c**2 - 40*c. Determine b(37).
-111
Let o(n) = -123*n**2 + 2*n + 2. Calculate o(-1).
-123
Let n(v) = -2*v**3 - v**2 - 47*v - 132. Calculate n(-3).
54
Let h(a) = a + 42. Determine h(3).
45
Let w(q) = -q**2 + 88*q + 53. Determine w(0).
53
Let t(y) = y**3 + 10*y**2 + 43*y + 229. Determine t(-8).
13
Let u(m) = 138*m + 16156. Give u(-117).
10
Let j(m) = -11*m**2 - 315*m + 119. Determine j(-29).
3
Let h(p) = p + 195. Determine h(-16).
179
Let w(d) = -d**3 + 11*d**2 - 80*d + 1395. What is w(13)?
17
Let u(t) = 23*t - 2809. What is u(122)?
-3
Let c(u) = 3*u**2 - 384*u + 1119. What is c(125)?
-6
Let y(o) = -o**2 - 15533*o + 62144. Calculate y(4).
-4
Let a(j) = j**3 + 107*j**2 + 513*j + 284. Calculate a(-102).
-22
Let p(f) = -160*f + 1757. Give p(11).
-3
Let p(b) = 29*b - 952. Determine p(25).
-227
Let a(t) = 5*t + 194. Give a(32).
354
Let q(k) = 2*k**2 - 2814*k + 1. What is q(0)?
1
Let z(s) = -s**3 + 21*s**2 - 44*s + 121. Determine z(19).
7
Let c(l) = 2*l**3 + 250*l**2 + l + 150. Determine c(-125).
25
Let p(l) = l**2 + 103*l - 7422. Determine p(49).
26
Let z(b) = 31*b - 5396. Give z(174).
-2
Let h(n) = -68*n**3 + 547*n**2 - 27*n - 10. What is h(8)?
-34
Let z(o) = o**3 + 69*o**2 + 692*o + 92. What is z(-12)?
-4
Let d(b) = b**3 + 4*b**2 - 12*b - 26. Calculate d(-5).
9
Let m(d) = -2*d**3 + 19*d**2 + 7*d + 10. Calculate m(0).
10
Let h(g) = -g**2 + 40*g - 406. What is h(20)?
-6
Let o(q) = -78*q**2 + 54*q + 51. What is o(-1)?
-81
Let k(o) = -6*o - 106. What is k(17)?
-208
Let h(q) = -4*q - 74. Give h(3).
-86
Let z(f) = -14*f + 56. What is z(0)?
56
Let f(j) = j - 71. Determine f(-23).
-94
Let d(r) = 75*r + 128. What is d(-4)?
-172
Let l(t) = -114*t - 441. Calculate l(-4).
15
Let j(i) = 528*i - 14226. Give j(27).
30
Let q(n) = 717*n + 25046. Calculate q(-35).
-49
Let s(k) = 48*k + 360. Determine s(-8).
-24
Let c(y) = -174*y + 866. Give c(5).
-4
Let c(a) = -a**3 - 40*a**2 - 94*a - 681. Determine c(-38).
3
Let w(b) = -16*b**2 + 439*b + 5. What is w(27)?
194
Let h(v) = v**3 + 31*v**2 + 28*v - 44. Determine h(-30).
16
Let j(w) = 9*w - 431. Determine j(51).
28
Let n(m) = 131*m**2 + 5504*m + 35. Calculate n(-42).
-49
Let l(t) = 531*t - 12724. Calculate l(24).
20
Let v(c) = c**3 + 5*c**2 + 3*c + 80. Calculate v(-7).
-39
Let d(v) = v**2 + 30*v + 22. Calculate d(-24).
-122
Let u(t) = -4*t**2 + 18*t - 20. Determine u(9).
-182
Let z(l) = -2*l**2 + 94*l + 1702. Calculate z(61).
-6
Let k(g) = -3*g**3 + g**2 - 2*g - 45. Calculate k(0).
-45
Let o(s) = 26*s**2 + 6*s + 21. Calculate o(-2).
113
Let y(s) = -s**3 - 12*s**2 - 7*s + 57. What is y(-7)?
-139
Let x(q) = -2*q**2 + 145*q - 1032. Determine x(8).
0
Let t(z) = 28*z**2 + 1401*z + 35. Determine t(-50).
-15
Let a(f) = -20*f + 115. Give a(-10).
315
Let b(c) = -c**3 - 6*c**2 - 11*c - 26. Determine b(-7).
100
Let o(f) = -20*f - 77. What is o(-12)?
163
Let t(d) = -d**2 + 41*d + 1295. Determine t(-21).
-7
Let b(t) = -t**3 + 21*t**2 - 58*t + 53. What is b(18)?
-19
Let f(m) = -m**3 + 45*m**2 + 3*m - 103. Calculate f(45).
32
Let p(t) = -386*t + 3863. What is p(10)?
3
Let a(b) = 15*b**2 + 104*b - 14. Calculate a(-7).
-7
Let h(t) = -352*t - 25771. Determine h(-73).
-75
Let t(q) = -q**3 - 92*q**2 + 132*q - 5261. What is t(-94)?
3
Let r(s) = -s**3 - 7*s**2 - 7*s - 9. What is r(-5)?
-24
Let w(h) = h**3 - 45*h**2 + 166*h - 109. What is w(41)?
-27
Let t(d) = 3*d**2 + 10*d - 2. Determine t(-4).
6
Let c(y) = 3650*y - 29215. Determine c(8).
-15
Let u(w) = -6*w**2 - 37*w + 9. Calculate u(-7).
-26
Let k(s) = s**3 + 25*s**2 - 62*s - 218. Determine k(-27).
-2
Let q(w) = -6*w**3 - 761*w**2 + 117*w - 1264. Calculate q(-127).
6
Let s(l) = -2*l**2 + 6*l + 102. What is s(-6)?
-6
Let r(c) = c**3 + 16*c**2 - 63*c + 97. Calculate r(-17).
879
Let s(f) = 33*f + 6. Calculate s(8).
270
Let d(j) = j**2 + 332*j + 1660. Give d(-5).
25
Let t(y) = -6*y**2 - y + 16. Determine t(-6).
-194
Let f(w) = -10*w + 157. What is f(23)?
-73
Let i(v) = v**3 + 14*v**2 + 71*v + 2. Determine i(-12).
-562
Let h(w) = -144*w + 1718. Calculate h(12).
-10
Let k(l) = -2*l**2 - 9*l + 171. What is k(-12)?
-9
Let i(y) = -427*y + 40565. What is i(95)?
0
Let u(r) = 367*r + 5181. Determine u(-14).
43
Let o(q) = -218*q - 1739. Calculate o(-8).
5
Let i(b) = -b**3 - 17*b**2 - 75*b - 21. Determine i(-8).
3
Let x(k) = -k**3 + 21*k**2 - 12*k + 722. What is x(22)?
-26
Let b(t) = -41*t**2 - 952*t - 211. Give b(-23).
-4
Let t(s) = -s**3 + 8*s**2 + 29*s + 44. What is t(11)?
0
Let q(o) = -3*o + 78. Calculate q(-20).
138
Let a(s) = -2*s - 64. Calculate a(8).
-80
Let y(k) = k**2 + 82*k + 1109. Calculate y(-65).
4
Let k(b) = b**2 - 13*b + 16. What is k(19)?
130
Let p(b) = 484*b**2 + 2907*b + 4. Calculate p(-6).
-14
Let o(c) = -c**3 + 54*c**2 + 11. What is o(54)?
11
Let v(b) = b**3 + 9*b**2 + 44*b + 20. Calculate v(-7).
-190
Let h(j) = 14*j + 277. Calculate h(-17).
39
Let k(t) = 2*t**3 + 14*t**2 + 10*t - 6. Calculate k(-5).
44
Let s(j) = j**2 + 8*j - 9. Calculate s(8).
119
Let a(j) = -j**3 - 8*j**2 + 3*j - 76. Calculate a(-9).
-22
Let x(y) = 4*y**2 + 18*y - 20. Determine x(-6).
16
Let m(a) = -a**2 + 33*a + 532. Determine m(-12).
-8
Let u(h) = -2*h**3 - 4*h**2 - 8*h + 1. Give u(-3).
43
Let h(b) = 13*b**2 - 249*b - 499. Determine h(-2).
51
Let y(v) = -v + 70. What is y(32)?
38
Let y(o) = -o**3 - 5*o**2 - 4*o - 54. Determine y(-6).
6
Let h(c) = -2*c - 37. Give h(11).
-59
Let l(c) = 39*c + 512. Determine l(-12).
44
Let d(m) = 69*m + 1119. Determine d(-16).
15
Let i(s) = -527*s - 15811. Give i(-30).
-1
Let x(a) = 5198*a + 25985. What is x(-5)?
-5
Let b(f) = -f**3 + 8*f**2 + 33*f - 278. Determine b(7).
2
Let s(c) = c**2 + 16*c + 10. Give s(-17).
27
Let w(q) = -3*q - 67. Give w(4).
-79
Let u(q) = q**2 + 112*q + 724. Determine u(-7).
-11
Let u(n) = -n**2 - n + 17. Calculate u(-3).
11
Let i(h) = -h**3 - 28*h**2 + 32*h - 70. Calculate i(-29).
-157
Let b(x) = -x**3 - 29*x**2 - 213*x - 61. Calculate b(-16).
19
Let m(b) = -119*b + 2973. Determine m(25).
-2
Let w(a) = 4*a**2 - 16*a + 6. Determine w(5).
26
Let s(w) = 896*w**3 + 2*w**2 - 7*w + 6. Give s(1).
897
Let d(c) = -c**2 + 10*c + 141. Calculate d(19).
-30
Let n(i) = 15*i**2 - 4*i + 1. Give n(2).
53
Let g(t) = -6*t**2 + 52*t - 107. Give g(4).
5
Let m(f) = -77*f - 1167. Determine m(-14).
-89
Let d(a) = -946*a - 19860. Give d(-21).
6
Let b(n) = -5*n**2 + 20*n - 7. Give b(4).
-7
Let r(a) = -891*a + 5344. What is r(6)?
-2
Let n(d) = d**3 + 48*d**2 + 104*d + 9. Determine n(-2).
-15
Let a(s) = -s**3 - 14*s**2 - 232. Give a(-15).
-7
Let s(t) = -26*t**3 - 8*t**2 - 8*t - 4. Calculate s(-1).
22
Let y(p) = 10*p**2 - 106*p - 35. Give y(13).
277
Let w(t) = t + 199. Give w(-72).
127
Let p(s) = -24*s + 1424. Determine p(57).
56
Let u(k) = 65*k**2 + 1496*k + 18. Calculate u(-23).
-5
Let x(h) = 199*h - 607. Give x(3).
-10
Let s(y) = 844*y + 16872. Calculate s(-20).
-8
Let m(w) = -19*w - 3519. Determine m(-184).
-23
Let g(a) = 30*a**2 - 1142*a + 59. Determine g(38).
-17
Let i(y) = 6904*y + 110453. What is i(-16)?
-11
Let i(t) = -4*t**3 - t**2 + 27*t - 25. Give i(1).
-3
Let y(h) = -2*h**2 - 34*h - 37. Give y(-14).
47
Let i(q) = q**3 - 17*q**2 - 6*q - 227. What is i(18)?
-11
Let s(f) = -3*f**3 - 236*f**2 + 75*f - 319. Give s(-79).
-3
Let c(k) = 94*k - 26. What is c(2)?
162
Let t(s) = -s**3 + 14*s**2 - 137*s + 1603. Determine t(13).
-9
Let g(q) = 2*q + 40. What is g(-3)?
34
Let j(i) = -i**2 - 6*i + 63. Determine j(-9).
36
Let i(x) = -x**2 - 37*x - 259. Give i(-10).
11
Let n(i) = -100*i**3 - 4*i**2 + 2*i. Give n(1).
-102
Let v(p) = 18*p + 265. What is v(-13)?
31
Let j(b) = -2*b**2 + 4*b + 7. Give j(-4).
-41
Let l(r) = 4*r**2 - 131*r + 766. Calculate l(8).
-26
Let w(i) = i**3 - 42*i**2 - 23*i + 964. Give w(42).
-2
Let n(p) = 286*p - 2317. What is n(8)?
-29
Let h(x) = x**3 + 29*